 be 161*(-20)/(-490) - (-12)/(-21). Calculate the greatest common factor of 3 and w.
3
Let a(d) = d**3 - 2*d**2 - 9*d + 10. Let u be a(5). Let p(f) = -32*f + 4. Let s be p(-3). Calculate the greatest common factor of s and u.
20
Let l(s) = 0*s**3 + 11*s + s**3 + 0*s**2 + 8 + 8*s**2. Let x be l(-6). What is the greatest common divisor of x and 70?
14
Let q(z) = z**2 - 4*z - 2. Let s be q(8). Suppose o - 3*y = 12, -2*y = -4*o + 44 + 14. Calculate the highest common divisor of s and o.
15
Let f be (11 - -1)*(-9)/(-27). Suppose -s = -3*s + f. Suppose s*n - 67 = 53. What is the greatest common factor of n and 12?
12
Suppose 0 = 2*x - 3*h - 192, 3*x + 109 - 396 = 4*h. Calculate the greatest common divisor of x and 279.
93
Let x(t) = t**2 + 12*t - 24. Let j be x(3). Calculate the greatest common factor of j and 6.
3
Suppose 0 = -3*s + 14*w - 11*w + 1314, -3*s + 1307 = 4*w. Calculate the highest common factor of 46 and s.
23
Let h(r) = -r + 1. Let p(u) = u**2 - u - 2. Let m(f) = 2*h(f) + p(f). Let s be m(4). What is the greatest common factor of s and 28?
4
Let i = 220 + -22. What is the greatest common factor of i and 18?
18
Let y(w) = 26*w - 371. Let x be y(16). Calculate the highest common divisor of 555 and x.
15
Suppose -7*b - 6 = 8. Let i be 2 - (b + 2 + -4). Let q be 24/(0 - i/(-4)). What is the greatest common divisor of 112 and q?
16
Let l be (-8)/(-1) + -30 + 39. Calculate the highest common divisor of 5 and l.
1
Let a = -388 + 443. What is the highest common divisor of a and 220?
55
Let y be 27/(-45)*-4*15. What is the highest common divisor of y and 279?
9
Suppose 4*g + 3*v = -2*v + 511, -5 = 5*v. What is the greatest common factor of 172 and g?
43
Let m(l) = 2*l**3 - 5*l**2 + 5*l - 7. Let q be m(3). What is the greatest common divisor of q and 34?
17
Let l be (-11)/22*(-1)/(1/12). What is the highest common divisor of l and 4?
2
Suppose 0*l = -l + 88. Suppose -2*o + 20 = -7*o. Let u be 49/6 - o/(-24). What is the greatest common divisor of l and u?
8
Let m be (0 + -3 - -48) + 2/(-2). What is the highest common divisor of m and 352?
44
Suppose 0 = -u - 5*r + 8, 3 = -3*r - 3. Let m(i) = -i**3 - 6*i**2 - 7*i + 2. Let s be m(-5). What is the greatest common factor of u and s?
6
Let s(g) = 3*g + 8. Let k be s(-7). Let r be (1 + (-1 - 1))*k. Let i = 86 + 31. What is the highest common factor of r and i?
13
Let l = 18 - 32. Let i be ((-4)/l)/((-1)/(-7)). Suppose i = 3*j - 1. What is the highest common factor of 1 and j?
1
Let k be (-4)/6 - 62/(-3). Let m(v) = -300*v**2 - 15*v + 13 - 13*v + 299*v**2. Let w be m(-27). What is the greatest common factor of k and w?
20
Let i be 2*1 + (-9)/(-18)*0. Suppose -5*q = -4*v - 108, -v + 30 = 2*q + 4*v. Let t = -12 + q. What is the greatest common factor of i and t?
2
Let y = 0 + -4. Let p be 30/y*(-9)/((-9)/(-2)). Calculate the greatest common factor of 10 and p.
5
Let b(q) = -q**2 + 4*q + 5. Let m = 3 + 2. Let p be b(m). Let l be (3 + p - -2) + -3. What is the highest common divisor of 3 and l?
1
Suppose 7*p - 8*p + 15 = 0. Let h be (-2 - 0)*(-15)/10. Let c be h*-9*(-5)/3. What is the greatest common factor of p and c?
15
Let v(w) = w**2 + 4*w - 14. Suppose 2 = 2*k + 14. Let b be v(k). Let g = b - -10. Calculate the highest common factor of g and 88.
8
Let h be (-40)/70*-7*(0 + 2). Suppose -t - 4*n = -7*n + 1, -12 = -5*t - 2*n. What is the greatest common factor of h and t?
2
Suppose 0 = -3*o - 0*o + 255. Suppose -c + o = -h + 6*h, 4*c + 2*h = 250. Calculate the highest common divisor of 15 and c.
15
Suppose 0 = 55*u - 74*u + 760. Calculate the greatest common divisor of u and 45.
5
Let c be 18/(-21)*(-51 - -9). What is the greatest common divisor of c and 9?
9
Let y = -21 + 25. Let m = 33 + -15. Suppose l - 3*u = 3, -m = -4*l + 2*l + 2*u. Calculate the highest common divisor of y and l.
4
Suppose 3*s = 6*n - 7*n + 2027, 0 = 2*s - 4*n - 1356. Calculate the greatest common divisor of s and 39.
13
Suppose 0 = -z + 2*u + 38, 68 + 55 = 3*z - 3*u. Suppose 3*r - 5*n + 6 - z = 0, 5*r = 4*n + 46. What is the greatest common factor of r and 30?
6
Suppose -2*u = 57 - 11. Let w = 49 - u. Let o be ((-16)/(-7))/((-2)/(-7)). What is the greatest common divisor of w and o?
8
Let y be (0 - -62)*(-2)/(-2). Suppose 5*a + 108 - 252 = 166. What is the greatest common factor of y and a?
62
Let x(p) = -p - 5. Let u be x(-9). Let i(l) = l**3 - 27*l**2 + 3*l - 69. Let f be i(27). Calculate the highest common divisor of f and u.
4
Let s be -3 + (0 - (-3 + -28)). Suppose -2*z = 4*v + 310, z + v + 153 = -3*v. Let j = z + 465. What is the greatest common factor of j and s?
28
Let v be 2/4 + (-189)/(-6). Let h = v + -30. Suppose -h*y = 4*g - 0 + 2, 4*y = 2*g + 36. Calculate the highest common divisor of y and 21.
7
Suppose 3 + 0 = z. Suppose 3*n + 117 = 5*u + 15, 0 = u + 2*n - 10. Suppose o + u = z*o. Calculate the greatest common factor of 9 and o.
9
Suppose -4*y + 18*k = 17*k - 179, 2*y = 3*k + 77. What is the greatest common factor of y and 69?
23
Let h be (-22422)/(-60) + 39/130. What is the highest common factor of h and 44?
22
Let b(m) = -2 - 16*m - 5*m - 4*m. Let w be b(-4). Suppose 0 = -2*x - l + 29, 3*x + 0*x - 40 = 2*l. What is the greatest common factor of w and x?
14
Suppose 17*n = 15*n - 7*n + 432. Suppose -76 = 4*u - 1612. What is the greatest common factor of u and n?
48
Let o be -2 + -3 + ((-64)/(-4) - -4). Let t be (-6)/27 - (-3782)/9. Suppose -2*c - 2*c = -t. What is the highest common divisor of c and o?
15
Suppose 3*o - 6 = 0, 0*q - 4*o = 2*q - 932. What is the greatest common factor of q and 66?
66
Let t be (-35)/(-6)*(-8 - -14). Calculate the highest common divisor of t and 5.
5
Suppose 5*n + 440 = 10*n. Calculate the greatest common factor of 20 and n.
4
Let x(a) = -8*a + 227. Let o be x(28). What is the highest common factor of o and 45?
3
Let i(h) = 7*h**2 - 2*h - 3*h + 2*h. Suppose 0*t - 3*u = 4*t - 5, -u = 3*t - 5. Let z be i(t). What is the highest common divisor of 55 and z?
11
Let l(p) = p**2 - p - 24. Let w be l(0). Let k = 29 + w. Suppose 4*b - k*n - 78 = 0, -2*n + 4 = -3*b + 59. Calculate the highest common factor of b and 34.
17
Let v(r) = -2*r + 62. Suppose 0 = -21*u + 17*u + 72. Let p be v(u). Calculate the greatest common divisor of p and 13.
13
Let n = -594 + 602. Calculate the greatest common divisor of n and 36.
4
Let s(q) = q**2 + 6*q + 25. Let p be s(-5). Calculate the greatest common divisor of p and 110.
10
Let r = 19 + -8. Let c = -48 + 52. Suppose -c*i - 3 = -r. What is the greatest common divisor of i and 16?
2
Let x = 9 - -17. Calculate the greatest common factor of x and 117.
13
Suppose -i + 12 = -2*s, 8 - 2 = -3*s. Calculate the greatest common factor of i and 164.
4
Let b = -107 + 121. Let r(s) = 2*s**2 + 3*s - 2. Let l be r(-3). What is the highest common divisor of b and l?
7
Let w(l) = -21*l**3 + 3*l**2 + 6*l + 14. Let c be w(-3). What is the highest common factor of 10 and c?
10
Suppose -5*z + 3126 = -1684. Calculate the greatest common divisor of 74 and z.
74
Let r(f) = -6*f + 5. Let d be r(8). Let o = d - -78. What is the greatest common factor of o and 35?
35
Let w be (125/(-50))/(2/(-656)). Calculate the highest common factor of 41 and w.
41
Let r be (40/(-2))/(0 - (-5)/(-40)). What is the greatest common divisor of 64 and r?
32
Let q be 2/(-7) + (-7)/(49/(-198)). Let z = 4 - 0. What is the greatest common factor of z and q?
4
Let q = -2365 + 2371. Calculate the highest common divisor of 69 and q.
3
Suppose 4*h = a + 337 - 130, -195 = -4*h - 3*a. Let c = -33 + h. Calculate the highest common divisor of 9 and c.
9
Let o(f) = -11*f**2 + 15*f - 3. Let l be o(1). What is the greatest common divisor of 122 and l?
1
Let d be 6 - (810/105)/(3/(-14)). Calculate the highest common divisor of d and 350.
14
Suppose 0 = -4*z + 14 - 6. Suppose 5*i - 25 = -2*y - 3*y, z*i + 3*y = 6. Let v = 10 - i. What is the highest common divisor of v and 2?
1
Suppose 0 = -q + 3*t + 39, q - 12*t + 13*t = 39. Let j(n) = -2*n + 2. Let k be j(5). Let d = k + 21. What is the greatest common divisor of d and q?
13
Let s(g) = 16*g - 58. Let p be s(-14). Let h = p + 604. Calculate the greatest common factor of h and 14.
14
Let x = -87 - -171. Suppose 0 = -9*j + x - 3. Let v = -31 - -76. Calculate the greate